uppose 39577 = 2*w - 3*t, 0 = -4*w + t - 20784 + 99963. What is the tens digit of w?
9
Let h = -7519 + 12744. What is the hundreds digit of h?
2
Let z(d) = 94*d**2 - 222*d - 4078. What is the tens digit of z(-17)?
6
Let j(m) = -m**2 + 21*m - 38. Let w be j(19). Suppose w = -18*u - 12061 + 32779. What is the units digit of u?
1
Let z be (10/2)/(-2 + 3). Suppose 7 = z*i + 2, -4*v + 44 = 4*i. What is the tens digit of v*(78/4 - 4)?
5
Let y be (-40)/(13 - 8)*(-1)/4. Suppose 969 = y*l + 341. What is the units digit of l?
4
Let b(p) = 29791*p**3 - 3*p**2 + 26*p - 24. What is the hundreds digit of b(1)?
7
Let z(d) = 2*d + 41. Let x be z(-18). Suppose -x*g - 6*k + 2*k = 0, 3*g + 3 = -3*k. Suppose -g*q + 13 + 51 = 0. What is the tens digit of q?
1
Suppose -10 = -3*m - z, m = -4*m - 5*z. Suppose -m*h = -469 - 371. What is the units digit of h?
8
Let o(r) = -123*r + 4262. What is the tens digit of o(-10)?
9
Suppose -277*c + 276*c = 464. Let k = 1127 + c. What is the units digit of k?
3
What is the thousands digit of 8838 - (-2 - (-12)/1*(-14)/56)?
8
Let x be (((-30)/3)/5)/((-2)/(-103)). Let t = x + 321. What is the hundreds digit of t?
2
Let o(l) be the second derivative of l**3/6 - 13*l**2/2 - 27*l. Let i be o(-17). Let s = i + 32. What is the units digit of s?
2
Suppose 0 = 10*n - 38 + 18. Suppose -544 - 82 = -n*a. What is the tens digit of a?
1
Let c(u) be the second derivative of u**4/12 + 17*u**3/6 + 31*u**2 - 77*u. What is the units digit of c(-15)?
2
Let s(d) = -d**3 + 57*d**2 + 242*d + 19. What is the thousands digit of s(59)?
7
Suppose 10*p - 9*p = 13. Suppose -9*h - p*h = -704. Suppose 204 = h*y - 29*y. What is the tens digit of y?
6
What is the thousands digit of (-10)/8 - 1337247/(-1116)?
1
Let n(l) be the first derivative of 121*l**4/4 - l**3/3 - 5*l**2/2 - 3*l + 29. Let t be n(-1). What is the units digit of t/(-9)*(3/2 - 0)?
0
Suppose -a - 2 = 0, a - 46 = -2*h + 6*a. Let r = h - 36. What is the units digit of (r/12)/((-6)/236)?
9
Suppose -4*g + m = -2*m - 32, 3*m = -g - 7. Suppose -426 = 3*w - g*h, 3*w = -8*h + 7*h - 444. What is the tens digit of 8/10*1*(-2 - w)?
1
Suppose 0 = -3*y + x + 62595, -4*x - 41740 = -92*y + 90*y. What is the tens digit of y?
6
Let w(f) = f**2 + 28*f + 58. Let u be w(-26). Suppose 0 = -u*c + 4*c + 1034. What is the units digit of c?
7
Let v(b) = 109*b**2 - 8*b - 87. What is the hundreds digit of v(-7)?
3
Suppose -4998 = -2*j - j + 4*l, 0 = -57*l + 56*l. What is the hundreds digit of j?
6
Let q be ((-108)/(-8))/((-1)/(-4)). Suppose 0 = -19*n + 37*n - 1062. Suppose -4*z + q = b - 2*z, -z + n = b. What is the units digit of b?
4
Suppose -27280 = 10*y - 15*y. What is the thousands digit of y?
5
Suppose 459 = 291*z - 288*z. Let n = z + -140. What is the units digit of n?
3
Suppose 37 = 2*r + y, 3*y + 5 - 14 = 0. Suppose 18*q = r*q - 29. What is the tens digit of 2/(-1) + q*(-6 - -3)?
8
Suppose -14*b + 12 = -11*b. Suppose 3*q - 4*j = b*q + 15, -3*q - 13 = 4*j. Let n = 25 - q. What is the units digit of n?
4
Let t = -236 - -255. Let o = t + 129. What is the hundreds digit of o?
1
Let f(z) = 1286*z - 7024. What is the ten thousands digit of f(37)?
4
Suppose 253*r = 4510359 + 350024. What is the ten thousands digit of r?
1
Let m(j) = -5*j**3 + 60*j**2 + 88*j + 232. Let i(l) = -l**3 + 15*l**2 + 22*l + 58. Let a(w) = 9*i(w) - 2*m(w). What is the hundreds digit of a(-13)?
1
What is the thousands digit of ((-4)/(-6))/(-2)*21 + (29 - -11159)?
1
Let j = 11700 - -21811. What is the ten thousands digit of j?
3
Let s = 1374 - -1561. What is the hundreds digit of s?
9
Let g be ((-697)/(-2) + 3/2)/1. Suppose g = 2*d + 2*o, -d + 77 + 98 = -2*o. Suppose 3*a - d = -1. What is the units digit of a?
8
Let v(q) = 3*q + 18. Let b be (-2)/(21/(-18) + (-6)/(-4)). Let w be v(b). Suppose -7*c + 12*c - 495 = w. What is the tens digit of c?
9
Suppose 0 = -32*l + 37*l - c + 27, -l + c - 7 = 0. Let f(n) be the first derivative of -n**4/4 - 2*n**3/3 - n**2/2 + 3. What is the units digit of f(l)?
0
Let m(k) = 13*k**2 - 686*k - 8. What is the units digit of m(74)?
6
What is the units digit of (243 - 848199)*(-3)/36?
3
Suppose 0 = a + 358*q - 355*q - 25618, -25618 = -a - 5*q. What is the tens digit of a?
1
Let n(s) be the first derivative of 23/2*s**2 + 34 + 37*s. What is the tens digit of n(4)?
2
Suppose -962 = -99*h + 25*h. What is the tens digit of h?
1
Let n(b) = 2031*b + 85. What is the tens digit of n(1)?
1
Suppose 0 = 6*z - z - 29877 - 15143. What is the tens digit of z?
0
Let c(n) = 30*n + 4. Let s be c(3). Let b be (-154)/(-10) + (3 - (-3)/30*-24). Suppose j - b = s. What is the tens digit of j?
1
Suppose -43*u = 19447 - 294518. What is the units digit of u?
7
Let p be ((-4)/2)/(8/36*3). What is the tens digit of (674/8)/(52/16 + p)?
3
Let t(j) = j**3 + 4*j**2 + 8*j + 21. Let q be t(-10). Let d = -305 - q. Suppose -2*c + 5*r + 184 = 0, 4*c - 5*r - d = -2*r. What is the units digit of c?
7
What is the tens digit of (-8 + (-505)/(-10))*176?
8
Suppose 4*v - 2*b = 30, 6*v - 2*v - 33 = 3*b. Suppose 0 = -v*t + 754 + 344. What is the tens digit of t?
8
Let l be (9/(-63))/((-2)/28). Suppose 5*r + l*g = -2306 + 10721, 0 = -r - 3*g + 1670. What is the hundreds digit of r?
6
Let g = -9895 - -17384. What is the tens digit of g?
8
Let v = -5 + 1. Let z(q) be the first derivative of -11*q**2 - 9*q - 548. What is the units digit of z(v)?
9
Let f = 48 + 2980. Suppose 6090 = 47*c - f. What is the units digit of c?
4
Suppose 0 = -4*h - 701 - 63. What is the units digit of (h - (-5 + 7))*-1?
3
Suppose -5*j + 5*k - 3386 = -50436, -4*j + 37646 = -2*k. What is the hundreds digit of j?
4
Let d(m) = 3*m + 86. Let q(a) = -a + 29. Let j(y) = -y. Let p(h) = 2*j(h) - q(h). Let x(z) = -2*d(z) - 7*p(z). What is the units digit of x(17)?
8
Let g = -32 - -111. Let i = 93 - g. Suppose 5*d - i*d + 2205 = 0. What is the units digit of d?
5
Let w = 11 + -5. Let c be w/15 + (-5)/(50/(-1056)). Suppose c = -0*t + t. What is the hundreds digit of t?
1
Suppose z - 257 = 5*p, 4*z - 2*p - 83 = 855. Let u = z + -179. What is the tens digit of u?
5
Let t(y) be the second derivative of -10*y**3/3 - 5*y**2/2 - 2*y. Suppose 5*k + 2 = 4*k. What is the units digit of t(k)?
5
Suppose -2*r = -2*b + 23420, 0 = -4*b - r + 41765 + 5105. What is the tens digit of b?
1
Let d = 37940 - 24174. What is the ten thousands digit of d?
1
Suppose 0 = a + 3*z - 24205, 0 = 5*a - a + 5*z - 96862. What is the units digit of a?
3
Suppose 57*l - 51*l - 4818 = 0. Let d = l - 352. What is the units digit of d?
1
Let k = -62 + 66. Suppose -g + 2*f - 2294 = -4*g, -k*g = 2*f - 3060. What is the units digit of g?
6
Let s(x) = x**3. Let w be (-3 + 10/2)/(-2). Let y(d) = -3*d**3 - 7*d**2 + 4*d - 3. Let c(j) = w*y(j) - 4*s(j). What is the units digit of c(2)?
5
Let o(x) = 184*x**2 + 4*x - 5. Let i be o(1). Suppose -466 - i = -11*f. What is the tens digit of f?
5
Let l = 4009 - 3497. What is the tens digit of l?
1
What is the units digit of (-24960)/2*(27 - -1)/(-4)?
0
Let f = 2393 - 1496. What is the hundreds digit of f?
8
Let b(v) = -16*v - 14*v + 23 + 23*v. Let z be (-4)/(-6)*429/(-22). What is the units digit of b(z)?
4
Let z(l) = 2*l**3 + 89*l**2 - 198*l - 332. What is the thousands digit of z(-43)?
3
Let i(l) = 4*l + 40. Let b be i(-23). Let x = b - -152. What is the units digit of x?
0
Let i(t) = 239*t**2 + t - 4. What is the hundreds digit of i(-5)?
9
Suppose -5*r = 0, 3*r = -2*s + 3*s - 2. Let k(d) = 98*d + 17. What is the units digit of k(s)?
3
What is the thousands digit of 188/(-47) + ((-11834)/(-2))/1?
5
What is the tens digit of (26150/25)/(20/690)?
8
Let d be (-4 - (-141)/21) + 2/7. Suppose -5*y = -d*o + 5001, 26*o + 4*y - 6636 = 22*o. What is the hundreds digit of o?
6
Let z be 1218/(-9) + (-2)/3. What is the tens digit of (-16)/z + 57535/85?
7
Let n(a) = 5*a**2 + 170*a + 224. What is the units digit of n(-47)?
9
Suppose 4*l = -g + 1055, -525 = 2*l - 4*l - g. Suppose -2*b - 4*y + 443 = -l, 4*b = -4*y + 1416. What is the hundreds digit of b?
3
Let t(v) = -20 + 21*v**2 + 2*v**3 + 2 - 7*v - 15*v**2 + 18*v**2. What is the hundreds digit of t(-10)?
4
Let h = 10 - 9. Let b be h/(-6) - (-465)/90. Suppose b*v - 474 = 46. What is the tens digit of v?
0
Let f(g) be the second derivative of 1/6*g**3 - 9/2*g**2 +